
3
What is the tens digit of 596?
9
What is the hundreds digit of 48624?
6
What is the tens digit of 737?
3
What is the units digit of 27725?
5
What is the thousands digit of 19923?
9
What is the tens digit of 24984?
8
What is the thousands digit of 2573?
2
What is the units digit of 743?
3
What is the ten thousands digit of 25489?
2
What is the hundreds digit of 1771?
7
What is the units digit of 1239?
9
What is the hundreds digit of 1480?
4
What is the tens digit of 1617?
1
What is the tens digit of 139200?
0
What is the units digit of 3577?
7
What is the units digit of 782?
2
What is the thousands digit of 14703?
4
What is the tens digit of 1755?
5
What is the hundreds digit of 33054?
0
What is the units digit of 8602?
2
What is the hundreds digit of 677?
6
What is the units digit of 739?
9
What is the units digit of 117?
7
What is the ten thousands digit of 141531?
4
What is the tens digit of 68002?
0
What is the units digit of 1250?
0
What is the hundreds digit of 7317?
3
What is the hundred thousands digit of 100506?
1
What is the tens digit of 3479?
7
What is the hundreds digit of 135104?
1
What is the units digit of 71828?
8
What is the hundreds digit of 2495?
4
What is the tens digit of 5076?
7
What is the hundreds digit of 1882?
8
What is the hundreds digit of 359?
3
What is the units digit of 51255?
5
What is the units digit of 1490?
0
What is the hundreds digit of 100?
1
What is the tens digit of 556?
5
What is the hundreds digit of 2239?
2
What is the hundreds digit of 549?
5
What is the tens digit of 895?
9
What is the hundreds digit of 139?
1
What is the thousands digit of 177177?
7
What is the hundreds digit of 946?
9
What is the units digit of 158?
8
What is the hundreds digit of 1380?
3
What is the tens digit of 4526?
2
What is the tens digit of 7371?
7
What is the thousands digit of 8376?
8
What is the tens digit of 3203?
0
What is the thousands digit of 10473?
0
What is the tens digit of 30415?
1
What is the units digit of 2251?
1
What is the units digit of 65271?
1
What is the thousands digit of 5247?
5
What is the hundreds digit of 69808?
8
What is the hundreds digit of 4449?
4
What is the ten thousands digit of 33972?
3
What is the thousands digit of 1025?
1
What is the tens digit of 1281?
8
What is the units digit of 2890?
0
What is the ten thousands digit of 10757?
1
What is the units digit of 6733?
3
What is the tens digit of 508?
0
What is the units digit of 21092?
2
What is the thousands digit of 1613?
1
What is the thousands digit of 3917?
3
What is the units digit of 2980?
0
What is the thousands digit of 25899?
5
What is the ten thousands digit of 17643?
1
What is the thousands digit of 81880?
1
What is the hundreds digit of 1567?
5
What is the hundreds digit of 229?
2
What is the hundreds digit of 412?
4
What is the tens digit of 9909?
0
What is the tens digit of 18621?
2
What is the tens digit of 938?
3
What is the units digit of 1855?
5
What is the thousands digit of 49179?
9
What is the hundreds digit of 48566?
5
What is the ten thousands digit of 32040?
3
What is the tens digit of 4232?
3
What is the thousands digit of 199953?
9
What is the hundreds digit of 15078?
0
What is the hundreds digit of 125653?
6
What is the tens digit of 44244?
4
What is the tens digit of 11542?
4
What is the tens digit of 2081?
8
What is the tens digit of 19846?
4
What is the units digit of 26044?
4
What is the units digit of 7866?
6
What is the units digit of 10886?
6
What is the units digit of 6143?
3
What is the ten thousands digit of 14958?
1
What is the hundreds digit of 965?
9
What is the units digit of 10526?
6
What is the thousands digit of 11732?
1
What is the hundreds digit of 13156?
1
What is the tens digit of 1683?
8
What is the units digit of 5233?
3
What is the ten thousands digit of 15039?
1
What is the tens digit of 8749?
4
What is the units digit of 5792?
2
What is the hundreds digit of 4583?
5
What is the units digit of 6763?
3
What is the tens digit of 19575?
7
What is the units digit of 8170?
0
What is the ten thousands digit of 20346?
2
What is the ten thousands digit of 11920?
1
What is the units digit of 627?
7
What is the hundreds digit of 16917?
9
What is the tens digit of 26034?
3
What is the units digit of 233?
3
What is the hundreds digit of 4254?
2
What is the hundreds digit of 710?
7
What is the ten thousands digit of 126274?
2
What is the ten thousands digit of 50123?
5
What is the tens digit of 6413?
1
What is the hundreds digit of 865?
8
What is the units digit of 1626?
6
What is the tens digit of 541?
4
What is the thousands digit of 94006?
4
What is the thousands digit of 1069?
1
What is the hundreds digit of 4184?
1
What is the units digit of 5?
5
What is the units digit of 89949?
9
What is the ten thousands digit of 85717?
8
What is the hundreds digit of 449?
4
What is the tens digit of 24318?
1
What is the hundreds digit of 209?
2
What is the thousands digit of 86163?
6
What is the thousands digit of 111101?
1
What is the hundreds digit of 1508?
5
What is the hundred thousands digit of 101858?
1
What is the hundreds digit of 27246?
2
What is the hundreds digit of 32240?
2
What is the thousands digit of 27388?
7
What is the ten thousands digit of 15208?
1
What is the hundreds digit of 8536?
5
What is the thousands digit of 3273?
3
What is the thousands digit of 1754?
1
What is the hundreds digit of 13352?
3
What is the tens digit of 16348?
4
What is the tens digit of 2391?
9
What is the hundreds digit of 86357?
3
What is the hundreds digit of 574?
5
What is the thousands digit of 5469?
5
What is the units digit of 5054?
4
What is the tens digit of 888?
8
What is the units digit of 56?
6
What is the units digit of 3824?
4
What is the units digit of 4543?
3
What is the tens digit of 69?
6
What is the thousands digit of 8791?
8
What is the tens digit of 46912?
1
What is the tens digit of 1077?
7
What is the tens digit of 1338?
3
What is the thousands digit of 2480?
2
What is the hundred thousands digit of 106549?
1
What is the thousands digit of 1134?
1
What is the ten thousands digit of 48574?
4
What is the thousands digit of 8035?
8
What is the thousands digit of 8741?
8
What is the thousands digit of 16025?
6
What is the tens digit of 22785?
8
What is the hundreds digit of 905?
9
What is the thousands digit of 5734?
5
What is the tens digit of 68840?
4
What is the thousands digit of 1553?
1
What is the units digit of 3087?
7
What is the hundreds digit of 912?
9
What is the units digit of 2579?
9
What is the units digit of 16879?
9
What is the thousands digit of 9470?
9
What is the hundreds digit of 10578?
5
What is the tens digit of 647?
4
What is the units digit of 4233?
3
What is the tens digit of 1006?
0
What is the ten thousands digit of 10780?
1
What is the units digit of 7815?
5
What is the tens digit of 2146?
4
What is the thousands digit of 11240?
1
What is the hundreds digit of 4640?
6
What is the units digit of 812?
2
What is the units digit of 1407?
7
What is the hundreds digit of 494?
4
What is the hundreds digit of 778?
7
What is the hundreds digit of 2392?
3
What is the ten thousands digit of 14085?
1
What is the units digit of 65460?
0
What is the thousands digit of 2092?
2
What is the tens digit of 2043?
4
What is the tens digit of 39436?
3
What is the hundred thousands digit of 174813?
1
What is the hundreds digit of 205?
2
What is the units digit of 589?
9
What is the tens digit of 2825?
2
What is the units digit of 1499?
9
What is the tens digit of 5247?
4
What is the units digit of 717?
7
What is the thousands digit of 14413?
4
What is the units digit of 546?
6
What is the ten thousands digit of 22865?
2
What is the units digit of 104532?
2
What is the thousands digit of 20671?
0
What is the thousands digit of 5859?
5
What is the hundreds digit of 827?
8
What is the units digit of 602?
2
What is the tens digit of 126801?
0
What is the hundreds digit of 20230?
2
What is the units digit of 19528?
8
What is the hundreds digit of 3819?
8
What is the units digit of 3879?
9
What is the ten thousands digit of 91310?
9
What is the ten thousands digit of 64435?
6
What is the hundreds digit of 461?
4
What is the ten thousands digit of 15105?
1
What is the thousands digit of 1976